{"id":913,"date":"2021-05-16T08:26:41","date_gmt":"2021-05-16T08:26:41","guid":{"rendered":"https:\/\/poncebernal.es\/?page_id=913"},"modified":"2021-05-30T11:57:58","modified_gmt":"2021-05-30T11:57:58","slug":"contra-la-guerra","status":"publish","type":"page","link":"https:\/\/poncebernal.es\/?page_id=913","title":{"rendered":"CONTRA LA GUERRA"},"content":{"rendered":"<p>[et_pb_section fb_built=\u00bb1&#8243; _builder_version=\u00bb4.9.2&#8243; _module_preset=\u00bbdefault\u00bb module_alignment=\u00bbcenter\u00bb][et_pb_row disabled_on=\u00bbon|on|off\u00bb _builder_version=\u00bb4.9.2&#8243; _module_preset=\u00bbdefault\u00bb animation_style=\u00bbfade\u00bb][et_pb_column type=\u00bb4_4&#8243; _builder_version=\u00bb4.9.2&#8243; _module_preset=\u00bbdefault\u00bb][et_pb_menu menu_id=\u00bb33&#8243; menu_style=\u00bbcentered\u00bb dropdown_menu_text_color=\u00bb#EDF000&#8243; disabled_on=\u00bbon|on|off\u00bb _builder_version=\u00bb4.9.2&#8243; _module_preset=\u00bbdefault\u00bb menu_font=\u00bbBarlow Condensed|700|||||||\u00bb menu_font_size=\u00bb21px\u00bb background_color=\u00bb#FFFFFF\u00bb position_origin_f=\u00bbtop_center\u00bb z_index=\u00bb0&#8243;][\/et_pb_menu][\/et_pb_column][\/et_pb_row][et_pb_row _builder_version=\u00bb4.9.2&#8243; _module_preset=\u00bbdefault\u00bb][et_pb_column type=\u00bb4_4&#8243; _builder_version=\u00bb4.9.2&#8243; _module_preset=\u00bbdefault\u00bb][et_pb_divider color=\u00bb#000000&#8243; divider_weight=\u00bb8px\u00bb _builder_version=\u00bb4.9.2&#8243; _module_preset=\u00bbdefault\u00bb width=\u00bb51%\u00bb max_width=\u00bb22%\u00bb custom_margin=\u00bb||5px|||\u00bb custom_padding=\u00bb||26px|||\u00bb global_module=\u00bb211&#8243;][\/et_pb_divider][et_pb_cta title=\u00bbCONTRA LA GUERRA\u00bb _builder_version=\u00bb4.9.2&#8243; _module_preset=\u00bbdefault\u00bb header_level=\u00bbh1&#8243; header_font=\u00bbBarlow Condensed|700|||||||\u00bb header_text_color=\u00bb#000000&#8243; header_font_size=\u00bb60px\u00bb body_font=\u00bbBarlow Condensed|300|||||||\u00bb body_text_color=\u00bb#000000&#8243; body_font_size=\u00bb43px\u00bb body_letter_spacing=\u00bb1px\u00bb body_line_height=\u00bb1.3em\u00bb background_enable_color=\u00bboff\u00bb use_background_color=\u00bboff\u00bb text_orientation=\u00bbleft\u00bb custom_margin=\u00bb-29px||-1px|||\u00bb custom_padding=\u00bb||0px|||\u00bb header_text_color_tablet=\u00bb\u00bb header_text_color_phone=\u00bb\u00bb header_text_color_last_edited=\u00bbon|tablet\u00bb header_font_size_tablet=\u00bb50px\u00bb header_font_size_phone=\u00bb\u00bb header_font_size_last_edited=\u00bbon|phone\u00bb]<\/p>\n<p>Su m\u00e1s firme compromiso con una causa com\u00fan europea la sellaba el 30 de junio de 1932<\/p>\n<p>[\/et_pb_cta][\/et_pb_column][\/et_pb_row][et_pb_row column_structure=\u00bb2_5,3_5&#8243; _builder_version=\u00bb4.9.2&#8243; _module_preset=\u00bbdefault\u00bb custom_margin=\u00bb-35px|auto||auto||\u00bb][et_pb_column type=\u00bb2_5&#8243; _builder_version=\u00bb4.9.2&#8243; _module_preset=\u00bbdefault\u00bb][et_pb_image src=\u00bbhttp:\/\/poncebernal.es\/wp-content\/uploads\/2021\/05\/RECORTE2.jpg\u00bb title_text=\u00bbRECORTE2&#8243; _builder_version=\u00bb4.9.2&#8243; _module_preset=\u00bbdefault\u00bb][\/et_pb_image][\/et_pb_column][et_pb_column type=\u00bb3_5&#8243; _builder_version=\u00bb4.9.2&#8243; _module_preset=\u00bbdefault\u00bb][et_pb_text _builder_version=\u00bb4.9.2&#8243; _module_preset=\u00bbdefault\u00bb custom_margin=\u00bb5px|||||\u00bb]<\/p>\n<p>Su m\u00e1s firme compromiso con una causa com\u00fan europea la sellaba el 30 de junio de 1932. Aparec\u00eda publicado en el <em>Diario<\/em> un escrito contra la guerra, la adhesi\u00f3n a un llamamiento universal ante la amenaza de una posible conflagraci\u00f3n global. A prop\u00f3sito de la celebraci\u00f3n en \u00c1msterdam de un Congreso Mundial contra la Guerra, se hab\u00eda constituido un comit\u00e9 de iniciativa que organizaba el escritor Romain Rolland. En este \u00f3rgano participaban personalidades de renombre universal como Valle Incl\u00e1n, Einstein, Gorki, Dreiser o Upton Sinclair. Hab\u00edan lanzado un llamamiento general a trav\u00e9s de la prensa en el que se aconsejaba la uni\u00f3n ante una posible guerra que amenazaba a todos los pa\u00edses.<\/p>\n<p>La iniciativa de sus coet\u00e1neos, espa\u00f1oles y europeos, llam\u00f3 su atenci\u00f3n. En la l\u00ednea de la inquietud que siempre ven\u00eda demostrando con las causas que cre\u00eda justas y de las que iba dando debida cuenta a lo largo de su vida, Jos\u00e9 Ponce impuls\u00f3, en compa\u00f1\u00eda de Vidosa Calvo, V\u00e1zquez Tr\u00f3coli y N\u00fa\u00f1ez Salas, a la sociedad onubense a adherirse a la causa contra la guerra. Redactaron un manifiesto que fue publicado en el diario del que era redactor jefe para animar a sus convecinos a suscribirlo. As\u00ed pues, los firmantes se dirigieron con este escrito al comit\u00e9 espa\u00f1ol:<\/p>\n<p><em>Nosotros, los abajo firmantes, hemos le\u00eddo el llamamiento que a los pacifistas de todo el mundo ha dirigido el gran Romain Rolland, excit\u00e1ndolos a la uni\u00f3n contra una posible guerra futura, una guerra cruel, sanguinaria y horrorosa como todas las guerras. Una guerra inhumana, deshonra y ludibrio de los pueblos que en ella participen. \u00a1Un\u00e1monos todos contra el enemigo com\u00fan! \u00a1Abajo la guerra!, dice el gran pacifista. Y a esta llamada desesperante acudimos en cerebro y coraz\u00f3n cuantos en esta modesta provincia andaluza vivimos, sentimos o conocimos de los horrores de un movimiento belicoso. Pertenecemos a todas las clases sociales y a todos los partidos pol\u00edticos. Somos padres, hermanos e hijos. Somos la juventud y la vejez. Unos j\u00f3venes idealistas y visionarios, que llenos de optimismo luchan sin tregua por conseguir, una paz universal inflada de amor y sublimidad. Y unos viejos y amagados y doloridos, conocedores de la hiel y crueldad de la vida, que conf\u00edan en una sociedad m\u00e1s justa y una humanidad mejor y m\u00e1s sensata.<\/em><\/p>\n<p><em>No hemos vacilado, como tampoco vacilar\u00e1n cuantos amen la confraternidad universal, en estampar nuestras firmas al pie de estas l\u00edneas. Firmas que rugen y claman airadas contra la matanza y la guerra, porque saben de la tristeza tr\u00e1gica de un cementerio, y porque han llorado ante una tumba.<\/em><\/p>\n<p><em>Somos yunque y libro, que al adherirnos entusiastas a este magn\u00edfico movimiento contra la guerra, nos juramentamos a propagar cuanto signifique pacifismo y a no desmayar hasta hacer imposible la guerra.<\/em><\/p>\n<p><strong>Huelva 28-6-32.\u00a0\u00a0\u00a0\u00a0\u00a0\u00a0\u00a0\u00a0\u00a0\u00a0\u00a0\u00a0\u00a0\u00a0\u00a0\u00a0 \u00a0<\/strong><\/p>\n<p><strong>E. V\u00e1zquez Tr\u00f3coli, J. Ponce Bernal, J. N\u00fa\u00f1ez Salas y J. Vidosa Calvo<\/strong><\/p>\n<p>&nbsp;<\/p>\n<p>[\/et_pb_text][\/et_pb_column][\/et_pb_row][et_pb_row _builder_version=\u00bb4.9.2&#8243; _module_preset=\u00bbdefault\u00bb][et_pb_column type=\u00bb4_4&#8243; _builder_version=\u00bb4.9.2&#8243; _module_preset=\u00bbdefault\u00bb][et_pb_divider color=\u00bb#000000&#8243; divider_weight=\u00bb8px\u00bb _builder_version=\u00bb4.9.2&#8243; _module_preset=\u00bbdefault\u00bb max_width=\u00bb16%\u00bb module_alignment=\u00bbcenter\u00bb][\/et_pb_divider][et_pb_cta title=\u00bbSOMOS PADRES, HERMANOS E HIJOS. SOMOS LA JUVENTUD Y LA VEJEZ\u00bb button_text=\u00bbVER\u00bb _builder_version=\u00bb4.9.2&#8243; _module_preset=\u00bbdefault\u00bb header_font=\u00bbBarlow Condensed|700|||||||\u00bb header_text_color=\u00bb#000000&#8243; header_font_size=\u00bb61px\u00bb body_font=\u00bbBarlow Condensed|100|||||||\u00bb body_text_color=\u00bb#000000&#8243; body_font_size=\u00bb40px\u00bb body_line_height=\u00bb1.8em\u00bb use_background_color=\u00bboff\u00bb]<\/p>\n<p>Manifiesto contra la guerra. <em>Diario de Huelva<\/em>, junio de 1932<\/p>\n<p>[\/et_pb_cta][\/et_pb_column][\/et_pb_row][\/et_pb_section]<\/p>\n","protected":false},"excerpt":{"rendered":"<p>[et_pb_section fb_built=\u00bb1&#8243; _builder_version=\u00bb4.9.2&#8243; _module_preset=\u00bbdefault\u00bb module_alignment=\u00bbcenter\u00bb][et_pb_row disabled_on=\u00bbon|on|off\u00bb _builder_version=\u00bb4.9.2&#8243; _module_preset=\u00bbdefault\u00bb animation_style=\u00bbfade\u00bb][et_pb_column type=\u00bb4_4&#8243; _builder_version=\u00bb4.9.2&#8243; _module_preset=\u00bbdefault\u00bb][et_pb_menu menu_id=\u00bb33&#8243; menu_style=\u00bbcentered\u00bb dropdown_menu_text_color=\u00bb#EDF000&#8243; disabled_on=\u00bbon|on|off\u00bb _builder_version=\u00bb4.9.2&#8243; _module_preset=\u00bbdefault\u00bb menu_font=\u00bbBarlow Condensed|700|||||||\u00bb menu_font_size=\u00bb21px\u00bb background_color=\u00bb#FFFFFF\u00bb position_origin_f=\u00bbtop_center\u00bb z_index=\u00bb0&#8243;][\/et_pb_menu][\/et_pb_column][\/et_pb_row][et_pb_row _builder_version=\u00bb4.9.2&#8243; _module_preset=\u00bbdefault\u00bb][et_pb_column type=\u00bb4_4&#8243; _builder_version=\u00bb4.9.2&#8243; _module_preset=\u00bbdefault\u00bb][et_pb_divider color=\u00bb#000000&#8243; divider_weight=\u00bb8px\u00bb _builder_version=\u00bb4.9.2&#8243; _module_preset=\u00bbdefault\u00bb width=\u00bb51%\u00bb max_width=\u00bb22%\u00bb custom_margin=\u00bb||5px|||\u00bb custom_padding=\u00bb||26px|||\u00bb global_module=\u00bb211&#8243;][\/et_pb_divider][et_pb_cta title=\u00bbCONTRA LA GUERRA\u00bb _builder_version=\u00bb4.9.2&#8243; _module_preset=\u00bbdefault\u00bb header_level=\u00bbh1&#8243; header_font=\u00bbBarlow Condensed|700|||||||\u00bb header_text_color=\u00bb#000000&#8243; header_font_size=\u00bb60px\u00bb body_font=\u00bbBarlow Condensed|300|||||||\u00bb body_text_color=\u00bb#000000&#8243; body_font_size=\u00bb43px\u00bb body_letter_spacing=\u00bb1px\u00bb body_line_height=\u00bb1.3em\u00bb background_enable_color=\u00bboff\u00bb [&hellip;]<\/p>\n","protected":false},"author":1,"featured_media":0,"parent":0,"menu_order":0,"comment_status":"closed","ping_status":"closed","template":"","meta":{"_et_pb_use_builder":"on","_et_pb_old_content":"<!-- wp:divi\/placeholder \/-->","_et_gb_content_width":""},"_links":{"self":[{"href":"https:\/\/poncebernal.es\/index.php?rest_route=\/wp\/v2\/pages\/913"}],"collection":[{"href":"https:\/\/poncebernal.es\/index.php?rest_route=\/wp\/v2\/pages"}],"about":[{"href":"https:\/\/poncebernal.es\/index.php?rest_route=\/wp\/v2\/types\/page"}],"author":[{"embeddable":true,"href":"https:\/\/poncebernal.es\/index.php?rest_route=\/wp\/v2\/users\/1"}],"replies":[{"embeddable":true,"href":"https:\/\/poncebernal.es\/index.php?rest_route=%2Fwp%2Fv2%2Fcomments&post=913"}],"version-history":[{"count":9,"href":"https:\/\/poncebernal.es\/index.php?rest_route=\/wp\/v2\/pages\/913\/revisions"}],"predecessor-version":[{"id":1574,"href":"https:\/\/poncebernal.es\/index.php?rest_route=\/wp\/v2\/pages\/913\/revisions\/1574"}],"wp:attachment":[{"href":"https:\/\/poncebernal.es\/index.php?rest_route=%2Fwp%2Fv2%2Fmedia&parent=913"}],"curies":[{"name":"wp","href":"https:\/\/api.w.org\/{rel}","templated":true}]}}

<p>[et_pb_section fb_built=»1&#8243; _builder_version=»4.9.2&#8243; _module_preset=»default» module_alignment=»center»][et_pb_row disabled_on=»on|on|off» _builder_version=»4.9.2&#8243; _module_preset=»default» animation_style=»fade»][et_pb_column type=»4_4&#8243; _builder_version=»4.9.2&#8243; _module_preset=»default»][et_pb_menu menu_id=»33&#8243; menu_style=»centered» dropdown_menu_text_color=»#EDF000&#8243; disabled_on=»on|on|off» _builder_version=»4.9.2&#8243; _module_preset=»default» menu_font=»Barlow Condensed|700|||||||» menu_font_size=»21px» background_color=»#FFFFFF» position_origin_f=»top_center» z_index=»0&#8243;][/et_pb_menu][/et_pb_column][/et_pb_row][et_pb_row _builder_version=»4.9.2&#8243; _module_preset=»default»][et_pb_column type=»4_4&#8243; _builder_version=»4.9.2&#8243; _module_preset=»default»][et_pb_divider color=»#000000&#8243; divider_weight=»8px» _builder_version=»4.9.2&#8243; _module_preset=»default» width=»51%» max_width=»22%» custom_margin=»||5px|||» custom_padding=»||26px|||» global_module=»211&#8243;][/et_pb_divider][et_pb_cta title=»CONTRA LA GUERRA» _builder_version=»4.9.2&#8243; _module_preset=»default» header_level=»h1&#8243; header_font=»Barlow Condensed|700|||||||» header_text_color=»#000000&#8243; header_font_size=»60px» body_font=»Barlow Condensed|300|||||||» body_text_color=»#000000&#8243; body_font_size=»43px» body_letter_spacing=»1px» body_line_height=»1.3em» background_enable_color=»off» use_background_color=»off» text_orientation=»left» custom_margin=»-29px||-1px|||» custom_padding=»||0px|||» header_text_color_tablet=»» header_text_color_phone=»» header_text_color_last_edited=»on|tablet» header_font_size_tablet=»50px» header_font_size_phone=»» header_font_size_last_edited=»on|phone»]</p>
<p>Su más firme compromiso con una causa común europea la sellaba el 30 de junio de 1932</p>
<p>[/et_pb_cta][/et_pb_column][/et_pb_row][et_pb_row column_structure=»2_5,3_5&#8243; _builder_version=»4.9.2&#8243; _module_preset=»default» custom_margin=»-35px|auto||auto||»][et_pb_column type=»2_5&#8243; _builder_version=»4.9.2&#8243; _module_preset=»default»][et_pb_image src=»http://poncebernal.es/wp-content/uploads/2021/05/RECORTE2.jpg» title_text=»RECORTE2&#8243; _builder_version=»4.9.2&#8243; _module_preset=»default»][/et_pb_image][/et_pb_column][et_pb_column type=»3_5&#8243; _builder_version=»4.9.2&#8243; _module_preset=»default»][et_pb_text _builder_version=»4.9.2&#8243; _module_preset=»default» custom_margin=»5px|||||»]</p>
<p>Su más firme compromiso con una causa común europea la sellaba el 30 de junio de 1932. Aparecía publicado en el <em>Diario</em> un escrito contra la guerra, la adhesión a un llamamiento universal ante la amenaza de una posible conflagración global. A propósito de la celebración en Ámsterdam de un Congreso Mundial contra la Guerra, se había constituido un comité de iniciativa que organizaba el escritor Romain Rolland. En este órgano participaban personalidades de renombre universal como Valle Inclán, Einstein, Gorki, Dreiser o Upton Sinclair. Habían lanzado un llamamiento general a través de la prensa en el que se aconsejaba la unión ante una posible guerra que amenazaba a todos los países.</p>
<p>La iniciativa de sus coetáneos, españoles y europeos, llamó su atención. En la línea de la inquietud que siempre venía demostrando con las causas que creía justas y de las que iba dando debida cuenta a lo largo de su vida, José Ponce impulsó, en compañía de Vidosa Calvo, Vázquez Trócoli y Núñez Salas, a la sociedad onubense a adherirse a la causa contra la guerra. Redactaron un manifiesto que fue publicado en el diario del que era redactor jefe para animar a sus convecinos a suscribirlo. Así pues, los firmantes se dirigieron con este escrito al comité español:</p>
<p><em>Nosotros, los abajo firmantes, hemos leído el llamamiento que a los pacifistas de todo el mundo ha dirigido el gran Romain Rolland, excitándolos a la unión contra una posible guerra futura, una guerra cruel, sanguinaria y horrorosa como todas las guerras. Una guerra inhumana, deshonra y ludibrio de los pueblos que en ella participen. ¡Unámonos todos contra el enemigo común! ¡Abajo la guerra!, dice el gran pacifista. Y a esta llamada desesperante acudimos en cerebro y corazón cuantos en esta modesta provincia andaluza vivimos, sentimos o conocimos de los horrores de un movimiento belicoso. Pertenecemos a todas las clases sociales y a todos los partidos políticos. Somos padres, hermanos e hijos. Somos la juventud y la vejez. Unos jóvenes idealistas y visionarios, que llenos de optimismo luchan sin tregua por conseguir, una paz universal inflada de amor y sublimidad. Y unos viejos y amagados y doloridos, conocedores de la hiel y crueldad de la vida, que confían en una sociedad más justa y una humanidad mejor y más sensata.</em></p>
<p><em>No hemos vacilado, como tampoco vacilarán cuantos amen la confraternidad universal, en estampar nuestras firmas al pie de estas líneas. Firmas que rugen y claman airadas contra la matanza y la guerra, porque saben de la tristeza trágica de un cementerio, y porque han llorado ante una tumba.</em></p>
<p><em>Somos yunque y libro, que al adherirnos entusiastas a este magnífico movimiento contra la guerra, nos juramentamos a propagar cuanto signifique pacifismo y a no desmayar hasta hacer imposible la guerra.</em></p>
<p><strong>Huelva 28-6-32.                  </strong></p>
<p><strong>E. Vázquez Trócoli, J. Ponce Bernal, J. Núñez Salas y J. Vidosa Calvo</strong></p>
<p>&nbsp;</p>
<p>[/et_pb_text][/et_pb_column][/et_pb_row][et_pb_row _builder_version=»4.9.2&#8243; _module_preset=»default»][et_pb_column type=»4_4&#8243; _builder_version=»4.9.2&#8243; _module_preset=»default»][et_pb_divider color=»#000000&#8243; divider_weight=»8px» _builder_version=»4.9.2&#8243; _module_preset=»default» max_width=»16%» module_alignment=»center»][/et_pb_divider][et_pb_cta title=»SOMOS PADRES, HERMANOS E HIJOS. SOMOS LA JUVENTUD Y LA VEJEZ» button_text=»VER» _builder_version=»4.9.2&#8243; _module_preset=»default» header_font=»Barlow Condensed|700|||||||» header_text_color=»#000000&#8243; header_font_size=»61px» body_font=»Barlow Condensed|100|||||||» body_text_color=»#000000&#8243; body_font_size=»40px» body_line_height=»1.8em» use_background_color=»off»]</p>
<p>Manifiesto contra la guerra. <em>Diario de Huelva</em>, junio de 1932</p>
<p>[/et_pb_cta][/et_pb_column][/et_pb_row][/et_pb_section]</p>
