{"id":911,"date":"2021-05-16T08:26:17","date_gmt":"2021-05-16T08:26:17","guid":{"rendered":"https:\/\/poncebernal.es\/?page_id=911"},"modified":"2021-05-30T11:53:48","modified_gmt":"2021-05-30T11:53:48","slug":"aph","status":"publish","type":"page","link":"https:\/\/poncebernal.es\/?page_id=911","title":{"rendered":"APH"},"content":{"rendered":"<p>[et_pb_section fb_built=\u00bb1&#8243; _builder_version=\u00bb4.9.2&#8243; _module_preset=\u00bbdefault\u00bb module_alignment=\u00bbcenter\u00bb][et_pb_row disabled_on=\u00bbon|on|off\u00bb _builder_version=\u00bb4.9.2&#8243; _module_preset=\u00bbdefault\u00bb animation_style=\u00bbfade\u00bb][et_pb_column type=\u00bb4_4&#8243; _builder_version=\u00bb4.9.2&#8243; _module_preset=\u00bbdefault\u00bb][et_pb_menu menu_id=\u00bb33&#8243; menu_style=\u00bbcentered\u00bb dropdown_menu_text_color=\u00bb#EDF000&#8243; disabled_on=\u00bbon|on|off\u00bb _builder_version=\u00bb4.9.2&#8243; _module_preset=\u00bbdefault\u00bb menu_font=\u00bbBarlow Condensed|700|||||||\u00bb menu_font_size=\u00bb21px\u00bb background_color=\u00bb#FFFFFF\u00bb position_origin_f=\u00bbtop_center\u00bb z_index=\u00bb0&#8243;][\/et_pb_menu][\/et_pb_column][\/et_pb_row][et_pb_row _builder_version=\u00bb4.9.2&#8243; _module_preset=\u00bbdefault\u00bb][et_pb_column type=\u00bb4_4&#8243; _builder_version=\u00bb4.9.2&#8243; _module_preset=\u00bbdefault\u00bb][et_pb_divider color=\u00bb#000000&#8243; divider_weight=\u00bb8px\u00bb _builder_version=\u00bb4.9.2&#8243; _module_preset=\u00bbdefault\u00bb width=\u00bb51%\u00bb max_width=\u00bb22%\u00bb custom_margin=\u00bb||5px|||\u00bb custom_padding=\u00bb||26px|||\u00bb global_module=\u00bb211&#8243;][\/et_pb_divider][et_pb_cta title=\u00bbAPH\u00bb _builder_version=\u00bb4.9.2&#8243; _module_preset=\u00bbdefault\u00bb header_level=\u00bbh1&#8243; header_font=\u00bbBarlow Condensed|700|||||||\u00bb header_text_color=\u00bb#000000&#8243; header_font_size=\u00bb60px\u00bb body_font=\u00bbBarlow Condensed|300|||||||\u00bb body_text_color=\u00bb#000000&#8243; body_font_size=\u00bb43px\u00bb body_letter_spacing=\u00bb1px\u00bb body_line_height=\u00bb1.3em\u00bb background_enable_color=\u00bboff\u00bb use_background_color=\u00bboff\u00bb text_orientation=\u00bbleft\u00bb custom_margin=\u00bb-29px||-1px|||\u00bb custom_padding=\u00bb||0px|||\u00bb header_text_color_tablet=\u00bb\u00bb header_text_color_phone=\u00bb\u00bb header_text_color_last_edited=\u00bbon|tablet\u00bb header_font_size_tablet=\u00bb50px\u00bb header_font_size_phone=\u00bb\u00bb header_font_size_last_edited=\u00bbon|phone\u00bb]<\/p>\n<p>Jos\u00e9 Ponce Bernal fue uno los primeros 500 periodistas federados del pa\u00eds<\/p>\n<p>[\/et_pb_cta][et_pb_image src=\u00bbhttp:\/\/poncebernal.es\/wp-content\/uploads\/2021\/05\/HOMBRE-DE-ACCION.-ASOCIACION-DE-LA-PRENSA.-2-3.-APH.-Damas.-julio-de-1933.jpg\u00bb title_text=\u00bbHOMBRE DE ACCI\u00d3N. ASOCIACI\u00d3N DE LA PRENSA. 2 3. APH. Damas. julio de 1933&#8243; force_fullwidth=\u00bbon\u00bb _builder_version=\u00bb4.9.2&#8243; _module_preset=\u00bbdefault\u00bb][\/et_pb_image][et_pb_text _builder_version=\u00bb4.9.2&#8243; _module_preset=\u00bbdefault\u00bb custom_margin=\u00bb5px|||||\u00bb]<\/p>\n<p>Jos\u00e9 Ponce Bernal fue uno los primeros 500 periodistas federados del pa\u00eds. Su carn\u00e9 de periodista de la Federaci\u00f3n de la Prensa de Espa\u00f1a se expidi\u00f3 el 1 de noviembre de 1926, con el n\u00famero 538.<\/p>\n<p>La Asociaci\u00f3n de la Prensa de Huelva (APH), nacida en 1910, comenz\u00f3 a tener gran actividad en la tercera d\u00e9cada del siglo XX. La primera referencia de Ponce Bernal como miembro la encontramos en diciembre de 1925. Su car\u00e1cter de socio de la organizaci\u00f3n que aglutinaba a los periodistas de la \u00e9poca se consagr\u00f3 con el cargo de vicepresidente de la APH, que desempe\u00f1\u00f3 hasta 1931. Despu\u00e9s pas\u00f3 a ser vocal.<\/p>\n<p>Su compromiso pol\u00edtico fue puesto de manifiesto en una cr\u00f3nica de <em>Diario de Huelva<\/em> a mediados de septiembre de 1931 en la que se le defin\u00eda como \u201cel m\u00e1s pol\u00edtico de todos los periodistas y el m\u00e1s rom\u00e1ntico de todos los pol\u00edticos\u201d. La \u00faltima referencia suya que encontramos como vocal de la asociaci\u00f3n fue en las necrol\u00f3gicas publicadas en la prensa provincial con motivo de la muerte de su padre, en junio de 1934.<\/p>\n<p>&nbsp;<\/p>\n<p>&nbsp;<\/p>\n<p>[\/et_pb_text][et_pb_button button_url=\u00bbhttps:\/\/www.poncebernal.es\/archivos\/aph.pdf\u00bb button_text=\u00bbAP\u00c9NDICES. REFERENCIAS ASOCIACI\u00d3N DE LA PRENSA\u00bb _builder_version=\u00bb4.9.2&#8243; _module_preset=\u00bbdefault\u00bb custom_button=\u00bbon\u00bb button_text_size=\u00bb12px\u00bb custom_padding=\u00bb|56px||||\u00bb animation_style=\u00bbfade\u00bb scroll_vertical_motion=\u00bb0|51|51|100|4|0|-4&#8243;][\/et_pb_button][\/et_pb_column][\/et_pb_row][et_pb_row _builder_version=\u00bb4.9.2&#8243; _module_preset=\u00bbdefault\u00bb min_height=\u00bb182px\u00bb][et_pb_column type=\u00bb4_4&#8243; _builder_version=\u00bb4.9.2&#8243; _module_preset=\u00bbdefault\u00bb][et_pb_image src=\u00bbhttp:\/\/poncebernal.es\/wp-content\/uploads\/2021\/05\/HOMBRE-DE-ACCION.-ASOCIACION-DE-LA-PRENSA.-4.-MALBOYSSON-EN-LA-APH.-30-09-1933.jpg\u00bb title_text=\u00bbHOMBRE DE ACCI\u00d3N. ASOCIACI\u00d3N DE LA PRENSA. 4. MALBOYSSON EN LA APH. 30-09-1933&#8243; force_fullwidth=\u00bbon\u00bb _builder_version=\u00bb4.9.2&#8243; _module_preset=\u00bbdefault\u00bb][\/et_pb_image][et_pb_cta title=\u00bbLOS PERIODISTAS SON HOMBRES DE COMPRENSI\u00d3N QUE PROCUPARAR\u00c1N INTERESAR A LOS LECTORES DE LA TRAGEDIA SILENCIOSA DE LOS NECESITADOS\u00bb button_text=\u00bbClics\u00bb _builder_version=\u00bb4.9.2&#8243; _module_preset=\u00bbdefault\u00bb header_level=\u00bbh1&#8243; header_font=\u00bbBarlow Condensed|700||on|||||\u00bb header_text_color=\u00bb#000000&#8243; header_font_size=\u00bb60px\u00bb body_font=\u00bbBarlow Condensed|300|||||||\u00bb body_text_color=\u00bb#000000&#8243; body_font_size=\u00bb43px\u00bb body_letter_spacing=\u00bb1px\u00bb body_line_height=\u00bb1.3em\u00bb background_enable_color=\u00bboff\u00bb use_background_color=\u00bboff\u00bb text_orientation=\u00bbleft\u00bb custom_padding=\u00bb||0px|||\u00bb header_text_color_tablet=\u00bb\u00bb header_text_color_phone=\u00bb\u00bb header_text_color_last_edited=\u00bbon|tablet\u00bb header_font_size_tablet=\u00bb50px\u00bb header_font_size_phone=\u00bb\u00bb header_font_size_last_edited=\u00bbon|phone\u00bb]<\/p>\n<p><em>Diario de Huelva<\/em>, 02-06-1929<\/p>\n<p>[\/et_pb_cta][\/et_pb_column][\/et_pb_row][\/et_pb_section]<\/p>\n","protected":false},"excerpt":{"rendered":"<p>[et_pb_section fb_built=\u00bb1&#8243; _builder_version=\u00bb4.9.2&#8243; _module_preset=\u00bbdefault\u00bb module_alignment=\u00bbcenter\u00bb][et_pb_row disabled_on=\u00bbon|on|off\u00bb _builder_version=\u00bb4.9.2&#8243; _module_preset=\u00bbdefault\u00bb animation_style=\u00bbfade\u00bb][et_pb_column type=\u00bb4_4&#8243; _builder_version=\u00bb4.9.2&#8243; _module_preset=\u00bbdefault\u00bb][et_pb_menu menu_id=\u00bb33&#8243; menu_style=\u00bbcentered\u00bb dropdown_menu_text_color=\u00bb#EDF000&#8243; disabled_on=\u00bbon|on|off\u00bb _builder_version=\u00bb4.9.2&#8243; _module_preset=\u00bbdefault\u00bb menu_font=\u00bbBarlow Condensed|700|||||||\u00bb menu_font_size=\u00bb21px\u00bb background_color=\u00bb#FFFFFF\u00bb position_origin_f=\u00bbtop_center\u00bb z_index=\u00bb0&#8243;][\/et_pb_menu][\/et_pb_column][\/et_pb_row][et_pb_row _builder_version=\u00bb4.9.2&#8243; _module_preset=\u00bbdefault\u00bb][et_pb_column type=\u00bb4_4&#8243; _builder_version=\u00bb4.9.2&#8243; _module_preset=\u00bbdefault\u00bb][et_pb_divider color=\u00bb#000000&#8243; divider_weight=\u00bb8px\u00bb _builder_version=\u00bb4.9.2&#8243; _module_preset=\u00bbdefault\u00bb width=\u00bb51%\u00bb max_width=\u00bb22%\u00bb custom_margin=\u00bb||5px|||\u00bb custom_padding=\u00bb||26px|||\u00bb global_module=\u00bb211&#8243;][\/et_pb_divider][et_pb_cta title=\u00bbAPH\u00bb _builder_version=\u00bb4.9.2&#8243; _module_preset=\u00bbdefault\u00bb header_level=\u00bbh1&#8243; header_font=\u00bbBarlow Condensed|700|||||||\u00bb header_text_color=\u00bb#000000&#8243; header_font_size=\u00bb60px\u00bb body_font=\u00bbBarlow Condensed|300|||||||\u00bb body_text_color=\u00bb#000000&#8243; body_font_size=\u00bb43px\u00bb body_letter_spacing=\u00bb1px\u00bb body_line_height=\u00bb1.3em\u00bb background_enable_color=\u00bboff\u00bb use_background_color=\u00bboff\u00bb text_orientation=\u00bbleft\u00bb [&hellip;]<\/p>\n","protected":false},"author":1,"featured_media":0,"parent":0,"menu_order":0,"comment_status":"closed","ping_status":"closed","template":"","meta":{"_et_pb_use_builder":"on","_et_pb_old_content":"<!-- wp:divi\/placeholder \/-->","_et_gb_content_width":""},"_links":{"self":[{"href":"https:\/\/poncebernal.es\/index.php?rest_route=\/wp\/v2\/pages\/911"}],"collection":[{"href":"https:\/\/poncebernal.es\/index.php?rest_route=\/wp\/v2\/pages"}],"about":[{"href":"https:\/\/poncebernal.es\/index.php?rest_route=\/wp\/v2\/types\/page"}],"author":[{"embeddable":true,"href":"https:\/\/poncebernal.es\/index.php?rest_route=\/wp\/v2\/users\/1"}],"replies":[{"embeddable":true,"href":"https:\/\/poncebernal.es\/index.php?rest_route=%2Fwp%2Fv2%2Fcomments&post=911"}],"version-history":[{"count":10,"href":"https:\/\/poncebernal.es\/index.php?rest_route=\/wp\/v2\/pages\/911\/revisions"}],"predecessor-version":[{"id":1571,"href":"https:\/\/poncebernal.es\/index.php?rest_route=\/wp\/v2\/pages\/911\/revisions\/1571"}],"wp:attachment":[{"href":"https:\/\/poncebernal.es\/index.php?rest_route=%2Fwp%2Fv2%2Fmedia&parent=911"}],"curies":[{"name":"wp","href":"https:\/\/api.w.org\/{rel}","templated":true}]}}

<p>[et_pb_section fb_built=»1&#8243; _builder_version=»4.9.2&#8243; _module_preset=»default» module_alignment=»center»][et_pb_row disabled_on=»on|on|off» _builder_version=»4.9.2&#8243; _module_preset=»default» animation_style=»fade»][et_pb_column type=»4_4&#8243; _builder_version=»4.9.2&#8243; _module_preset=»default»][et_pb_menu menu_id=»33&#8243; menu_style=»centered» dropdown_menu_text_color=»#EDF000&#8243; disabled_on=»on|on|off» _builder_version=»4.9.2&#8243; _module_preset=»default» menu_font=»Barlow Condensed|700|||||||» menu_font_size=»21px» background_color=»#FFFFFF» position_origin_f=»top_center» z_index=»0&#8243;][/et_pb_menu][/et_pb_column][/et_pb_row][et_pb_row _builder_version=»4.9.2&#8243; _module_preset=»default»][et_pb_column type=»4_4&#8243; _builder_version=»4.9.2&#8243; _module_preset=»default»][et_pb_divider color=»#000000&#8243; divider_weight=»8px» _builder_version=»4.9.2&#8243; _module_preset=»default» width=»51%» max_width=»22%» custom_margin=»||5px|||» custom_padding=»||26px|||» global_module=»211&#8243;][/et_pb_divider][et_pb_cta title=»APH» _builder_version=»4.9.2&#8243; _module_preset=»default» header_level=»h1&#8243; header_font=»Barlow Condensed|700|||||||» header_text_color=»#000000&#8243; header_font_size=»60px» body_font=»Barlow Condensed|300|||||||» body_text_color=»#000000&#8243; body_font_size=»43px» body_letter_spacing=»1px» body_line_height=»1.3em» background_enable_color=»off» use_background_color=»off» text_orientation=»left» custom_margin=»-29px||-1px|||» custom_padding=»||0px|||» header_text_color_tablet=»» header_text_color_phone=»» header_text_color_last_edited=»on|tablet» header_font_size_tablet=»50px» header_font_size_phone=»» header_font_size_last_edited=»on|phone»]</p>
<p>José Ponce Bernal fue uno los primeros 500 periodistas federados del país</p>
<p>[/et_pb_cta][et_pb_image src=»http://poncebernal.es/wp-content/uploads/2021/05/HOMBRE-DE-ACCION.-ASOCIACION-DE-LA-PRENSA.-2-3.-APH.-Damas.-julio-de-1933.jpg» title_text=»HOMBRE DE ACCIÓN. ASOCIACIÓN DE LA PRENSA. 2 3. APH. Damas. julio de 1933&#8243; force_fullwidth=»on» _builder_version=»4.9.2&#8243; _module_preset=»default»][/et_pb_image][et_pb_text _builder_version=»4.9.2&#8243; _module_preset=»default» custom_margin=»5px|||||»]</p>
<p>José Ponce Bernal fue uno los primeros 500 periodistas federados del país. Su carné de periodista de la Federación de la Prensa de España se expidió el 1 de noviembre de 1926, con el número 538.</p>
<p>La Asociación de la Prensa de Huelva (APH), nacida en 1910, comenzó a tener gran actividad en la tercera década del siglo XX. La primera referencia de Ponce Bernal como miembro la encontramos en diciembre de 1925. Su carácter de socio de la organización que aglutinaba a los periodistas de la época se consagró con el cargo de vicepresidente de la APH, que desempeñó hasta 1931. Después pasó a ser vocal.</p>
<p>Su compromiso político fue puesto de manifiesto en una crónica de <em>Diario de Huelva</em> a mediados de septiembre de 1931 en la que se le definía como “el más político de todos los periodistas y el más romántico de todos los políticos”. La última referencia suya que encontramos como vocal de la asociación fue en las necrológicas publicadas en la prensa provincial con motivo de la muerte de su padre, en junio de 1934.</p>
<p>&nbsp;</p>
<p>&nbsp;</p>
<p>[/et_pb_text][et_pb_button button_url=»https://www.poncebernal.es/archivos/aph.pdf» button_text=»APÉNDICES. REFERENCIAS ASOCIACIÓN DE LA PRENSA» _builder_version=»4.9.2&#8243; _module_preset=»default» custom_button=»on» button_text_size=»12px» custom_padding=»|56px||||» animation_style=»fade» scroll_vertical_motion=»0|51|51|100|4|0|-4&#8243;][/et_pb_button][/et_pb_column][/et_pb_row][et_pb_row _builder_version=»4.9.2&#8243; _module_preset=»default» min_height=»182px»][et_pb_column type=»4_4&#8243; _builder_version=»4.9.2&#8243; _module_preset=»default»][et_pb_image src=»http://poncebernal.es/wp-content/uploads/2021/05/HOMBRE-DE-ACCION.-ASOCIACION-DE-LA-PRENSA.-4.-MALBOYSSON-EN-LA-APH.-30-09-1933.jpg» title_text=»HOMBRE DE ACCIÓN. ASOCIACIÓN DE LA PRENSA. 4. MALBOYSSON EN LA APH. 30-09-1933&#8243; force_fullwidth=»on» _builder_version=»4.9.2&#8243; _module_preset=»default»][/et_pb_image][et_pb_cta title=»LOS PERIODISTAS SON HOMBRES DE COMPRENSIÓN QUE PROCUPARARÁN INTERESAR A LOS LECTORES DE LA TRAGEDIA SILENCIOSA DE LOS NECESITADOS» button_text=»Clics» _builder_version=»4.9.2&#8243; _module_preset=»default» header_level=»h1&#8243; header_font=»Barlow Condensed|700||on|||||» header_text_color=»#000000&#8243; header_font_size=»60px» body_font=»Barlow Condensed|300|||||||» body_text_color=»#000000&#8243; body_font_size=»43px» body_letter_spacing=»1px» body_line_height=»1.3em» background_enable_color=»off» use_background_color=»off» text_orientation=»left» custom_padding=»||0px|||» header_text_color_tablet=»» header_text_color_phone=»» header_text_color_last_edited=»on|tablet» header_font_size_tablet=»50px» header_font_size_phone=»» header_font_size_last_edited=»on|phone»]</p>
<p><em>Diario de Huelva</em>, 02-06-1929</p>
<p>[/et_pb_cta][/et_pb_column][/et_pb_row][/et_pb_section]</p>
