{"id":90,"date":"2021-04-24T08:04:50","date_gmt":"2021-04-24T08:04:50","guid":{"rendered":"http:\/\/poncebernal.es\/?page_id=90"},"modified":"2021-05-30T10:48:38","modified_gmt":"2021-05-30T10:48:38","slug":"politico","status":"publish","type":"page","link":"https:\/\/poncebernal.es\/?page_id=90","title":{"rendered":"POL\u00cdTICO"},"content":{"rendered":"<p>[et_pb_section fb_built=\u00bb1&#8243; fullwidth=\u00bbon\u00bb _builder_version=\u00bb4.9.2&#8243; _module_preset=\u00bbdefault\u00bb background_enable_image=\u00bboff\u00bb custom_padding=\u00bb0px||0px|||\u00bb][et_pb_fullwidth_slider show_arrows=\u00bboff\u00bb show_pagination=\u00bboff\u00bb _builder_version=\u00bb4.9.2&#8243; _module_preset=\u00bbdefault\u00bb custom_button=\u00bbon\u00bb button_font=\u00bbBarlow Condensed||||||||\u00bb button_use_icon=\u00bboff\u00bb custom_margin=\u00bb||27px|||\u00bb custom_padding=\u00bb151px||151px|||\u00bb header_font_tablet=\u00bb\u00bb header_font_phone=\u00bb\u00bb header_font_last_edited=\u00bbon|phone\u00bb saved_tabs=\u00bball\u00bb][et_pb_slide heading=\u00bbPOL\u00cdTICO\u00bb use_bg_overlay=\u00bboff\u00bb _builder_version=\u00bb4.9.2&#8243; _module_preset=\u00bbdefault\u00bb header_font=\u00bbBarlow Condensed|700||||on|||\u00bb header_font_size=\u00bb1536%\u00bb header_letter_spacing=\u00bb4px\u00bb body_font=\u00bbBarlow Condensed||||||||\u00bb body_font_size=\u00bb20px\u00bb background_color=\u00bbrgba(40,41,62,0.81)\u00bb background_image=\u00bbhttp:\/\/poncebernal.es\/wp-content\/uploads\/2021\/05\/EL-POLITICO-3.-6.-SOMBRERERIA-VIDOSA.-1931-32b.jpg\u00bb background_enable_image=\u00bbon\u00bb background_blend=\u00bboverlay\u00bb button_alignment=\u00bbcenter\u00bb header_font_size_tablet=\u00bb826%\u00bb header_font_size_phone=\u00bb366%\u00bb header_font_size_last_edited=\u00bbon|desktop\u00bb sticky_transition=\u00bbon\u00bb]<\/p>\n<p>Pensar con libertad, suprema manifestaci\u00f3n del ser humano<\/p>\n<p>[\/et_pb_slide][\/et_pb_fullwidth_slider][\/et_pb_section][et_pb_section fb_built=\u00bb1&#8243; _builder_version=\u00bb4.9.2&#8243; _module_preset=\u00bbdefault\u00bb width=\u00bb99.7%\u00bb custom_padding=\u00bb114px|||||\u00bb][et_pb_row _builder_version=\u00bb4.9.2&#8243; _module_preset=\u00bbdefault\u00bb][et_pb_column type=\u00bb4_4&#8243; _builder_version=\u00bb4.9.2&#8243; _module_preset=\u00bbdefault\u00bb][et_pb_divider color=\u00bb#000000&#8243; divider_weight=\u00bb8px\u00bb _builder_version=\u00bb4.9.2&#8243; _module_preset=\u00bbdefault\u00bb width=\u00bb51%\u00bb max_width=\u00bb22%\u00bb custom_margin=\u00bb||5px|||\u00bb custom_padding=\u00bb||26px|||\u00bb global_module=\u00bb211&#8243; saved_tabs=\u00bball\u00bb][\/et_pb_divider][et_pb_cta title=\u00bbEL POL\u00cdTICO\u00bb _builder_version=\u00bb4.9.2&#8243; _module_preset=\u00bbdefault\u00bb header_level=\u00bbh1&#8243; header_font=\u00bbBarlow Condensed|700|||||||\u00bb header_text_color=\u00bb#000000&#8243; header_font_size=\u00bb60px\u00bb body_font=\u00bbBarlow Condensed|300|||||||\u00bb body_text_color=\u00bb#000000&#8243; body_font_size=\u00bb43px\u00bb body_letter_spacing=\u00bb1px\u00bb body_line_height=\u00bb1.3em\u00bb background_enable_color=\u00bboff\u00bb use_background_color=\u00bboff\u00bb text_orientation=\u00bbleft\u00bb custom_margin=\u00bb-29px||-1px|||\u00bb custom_padding=\u00bb||0px|||\u00bb header_text_color_tablet=\u00bb\u00bb header_text_color_phone=\u00bb\u00bb header_text_color_last_edited=\u00bbon|tablet\u00bb header_font_size_tablet=\u00bb50px\u00bb header_font_size_phone=\u00bb\u00bb header_font_size_last_edited=\u00bbon|phone\u00bb]<\/p>\n<p>Con un pasado sindicalista, decidi\u00f3 pasar a la acci\u00f3n pol\u00edtica en 1931, momento en que se erigi\u00f3 en l\u00edder de los federales onubenses<\/p>\n<p>[\/et_pb_cta][et_pb_text _builder_version=\u00bb4.9.2&#8243; _module_preset=\u00bbdefault\u00bb custom_margin=\u00bb5px|||||\u00bb]<\/p>\n<p>Podr\u00edamos remontar los inicios de su actividad pol\u00edtica a su etapa sindicalista, trayectoria que desemboc\u00f3 en su vinculaci\u00f3n con la Masoner\u00eda. Ambos son aspectos relacionables con la pol\u00edtica y pueden considerarse como proleg\u00f3menos de la evoluci\u00f3n de su pensamiento.<\/p>\n<p>La inquietud y el compromiso social le condujeron hasta el Sindicato de Empleados de Escritorios y Dependientes Mercantiles, que se constitu\u00eda a finales de julio de 1920, del que fue secretario, primero; y presidente, despu\u00e9s, en 1922.<\/p>\n<p>M\u00e1s tarde, en 1921, lo nombraron secretario de la Federaci\u00f3n Local Obrera. En uno de los actos en los que \u00e9l participaba, coincidi\u00f3 con el afamado sindicalista catal\u00e1n Salvador Segu\u00ed, <em>Noi del Sucre<\/em>.<\/p>\n<p>El 12 de agosto de 1922 se dirigi\u00f3 a las masas en el Centro de Obreros del Puerto. Los invit\u00f3 a formar \u201cun compacto bloque donde la solidaridad y el apoyo mutuo les permitan lograr sus aspiraciones\u201d. Esperaba de ellos que trabajasen para lograr la independencia. Era necesario, a su modo de ver, \u201cinculcar en la mente de todos la idea de que los problemas morales son los que ata\u00f1en a la dignidad del hombre mientras que las cuestiones del est\u00f3mago son de orden secundario\u201d. Finaliz\u00f3 ensalzando la libertad y fue elegido presidente por \u00abgran mayor\u00eda de votos\u00bb. (<em>La Provincia<\/em>, 14-08-1922).<\/p>\n<p>En 1928 ingres\u00f3 en la logia mas\u00f3nica Ca\u00f1avate, bajo el nombre simb\u00f3lico <em>Bakunin<\/em>, af\u00edn a su pasado sindicalista de inclinaci\u00f3n anarquista. Contaba con grandes amigos que pudieron haber influido en \u00e9l para que se hiciera mas\u00f3n. Tal era el caso del catedr\u00e1tico y futuro primer alcalde socialista onubense de la Rep\u00fablica, Am\u00f3s Sabr\u00e1s, miembro de otras logias (primero, de Soto-V\u00e1zquez; despu\u00e9s, de Transigencia), quien lleg\u00f3 a alcanzar el grado 4\u00ba. No obstante, a Ca\u00f1avate pertenecieron personajes que estaban tambi\u00e9n muy cerca de \u00e9l, como Florentino Mart\u00ednez Torner, que ocupaba el puesto de orador en el cuadro de luces y dignidades de la logia; o Antonio Gil, m\u00e9dico de la familia y amigo personal suyo.<\/p>\n<p>[\/et_pb_text][et_pb_gallery gallery_ids=\u00bb795,796&#8243; fullwidth=\u00bbon\u00bb _builder_version=\u00bb4.9.2&#8243; _module_preset=\u00bbdefault\u00bb][\/et_pb_gallery][\/et_pb_column][\/et_pb_row][et_pb_row _builder_version=\u00bb4.9.2&#8243; _module_preset=\u00bbdefault\u00bb width=\u00bb97%\u00bb][et_pb_column type=\u00bb4_4&#8243; _builder_version=\u00bb4.9.2&#8243; _module_preset=\u00bbdefault\u00bb][et_pb_text _builder_version=\u00bb4.9.2&#8243; _module_preset=\u00bbdefault\u00bb custom_margin=\u00bb5px|||||\u00bb]<\/p>\n<p>Aunque su tr\u00e1nsito por esta organizaci\u00f3n ser\u00eda ef\u00edmero, las consecuencias de ese registro fueron, terminada la guerra, sumamente negativas. La pertenencia y vinculaci\u00f3n con la masoner\u00eda constituyeron en s\u00ed mismas motivo de persecuci\u00f3n, condena o aniquilaci\u00f3n para miles de personas terminada la guerra civil en 1939.Tambi\u00e9n para \u00e9l. En su caso complement\u00f3 el c\u00famulo de acusaciones que hubo contra \u00e9l.<\/p>\n<p>Pero no fue hasta los a\u00f1os 30 cuando decidi\u00f3 pasar a la acci\u00f3n pol\u00edtica. Sinti\u00f3 afinidad con el Federalismo y se convirti\u00f3 en el l\u00edder del Partido Republicano Democr\u00e1tico Federal de Huelva. Fue el momento m\u00e1s apasionante de su vida y coincidi\u00f3 con el fervor que vivi\u00f3 el pa\u00eds entero con la proclamaci\u00f3n de la II Rep\u00fablica. El protagonismo ejercido por \u00e9l el 14 de abril, cuando se dirigi\u00f3 al pueblo, junto a los socialistas Ram\u00f3n Gonz\u00e1lez Pe\u00f1a y Am\u00f3s Sabr\u00e1s, desde el balc\u00f3n del Gobierno Civil de Huelva, condicion\u00f3 completamente su vida profesional. Sus art\u00edculos desde mediados de 1932 eran aut\u00e9nticos postulados pol\u00edticos. Sus colegas le definieron como \u201cel m\u00e1s pol\u00edtico de todos los periodistas y el m\u00e1s rom\u00e1ntico de todos los pol\u00edticos\u201d.<\/p>\n<p>Se sirvi\u00f3 del peri\u00f3dico para hacer propaganda de su formaci\u00f3n y defender su posici\u00f3n en temas cruciales, ante la <em>Sanjurjada<\/em>, por ejemplo, o con el Estatuto de Autonom\u00eda para Andaluc\u00eda. Hasta el punto de costarle el puesto: fue expulsado del peri\u00f3dico el 1 de octubre de 1933.<\/p>\n<p>Un mes despu\u00e9s se present\u00f3 a las elecciones para diputado a Cortes, m\u00e1s no logr\u00f3 votos suficientes para pasar a la segunda vuelta. Entonces se produjo una ruptura en el seno del partido, entre los partidarios de aliarse con los socialistas para la nueva cita con las urnas y los que se negaban a tal pacto.<\/p>\n<p>\u00c9l, defensor de esa uni\u00f3n de las izquierdas, se vio desautorizado por sus correligionarios cuando votaron en contra en asamblea. Present\u00f3 su dimisi\u00f3n irrevocable un d\u00eda antes de los comicios y se alej\u00f3 de los federales.<\/p>\n<p>Cerr\u00f3 una etapa personal de triunfos y comenz\u00f3 un per\u00edodo de decadencia generalizada en todos los aspectos.<\/p>\n<p>Por sus ideas pol\u00edticas acabar\u00eda en prisi\u00f3n en los d\u00edas de la revoluci\u00f3n de octubre. Aunque \u00e9l no estuvo implicado directamente en su organizaci\u00f3n, dej\u00f3 las llaves de su casa al supuesto cabecilla, el diputado socialista Crescenciano Bilbao, que convirti\u00f3 su domicilio en central de operaciones. A Ponce lo acusaron de c\u00f3mplice y estuvo siete meses encarcelado.<\/p>\n<p>M\u00e1s tarde, march\u00f3 a Madrid para seguir la causa en el Supremo, dada la condici\u00f3n de aforado de Bilbao, y para buscarse la vida all\u00ed. Se afili\u00f3 al Partido Socialista y se enrol\u00f3 en la acci\u00f3n pol\u00edtica del Frente Popular para las elecciones de febrero de 1936, haciendo campa\u00f1a en La Rioja, la tierra de su amigo y maestro Am\u00f3s Sabr\u00e1s. Fueron los oradores del mitin de cierre en Logro\u00f1o la v\u00edspera de las elecciones.<\/p>\n<p>Celebr\u00f3 la victoria de las izquierdas, que trajo la amnist\u00eda para todos los presos pol\u00edticos. Era libre y su expediente estaba limpio. Tras la guerra, volvi\u00f3 a ser encarcelado, de nuevo por sus ideas. Y por sus ideas lo mataron.<\/p>\n<p>[\/et_pb_text][\/et_pb_column][\/et_pb_row][et_pb_row column_structure=\u00bb1_2,1_2&#8243; _builder_version=\u00bb4.9.2&#8243; _module_preset=\u00bbdefault\u00bb][et_pb_column type=\u00bb1_2&#8243; _builder_version=\u00bb4.9.2&#8243; _module_preset=\u00bbdefault\u00bb][et_pb_divider color=\u00bb#000000&#8243; divider_weight=\u00bb8px\u00bb _builder_version=\u00bb4.9.2&#8243; _module_preset=\u00bbdefault\u00bb width=\u00bb51%\u00bb max_width=\u00bb22%\u00bb custom_margin=\u00bb||5px|||\u00bb custom_padding=\u00bb||26px|||\u00bb global_module=\u00bb211&#8243;][\/et_pb_divider][et_pb_cta title=\u00bbARCHIVOS\u00bb button_text=\u00bbClics\u00bb _builder_version=\u00bb4.9.2&#8243; _module_preset=\u00bbdefault\u00bb header_level=\u00bbh1&#8243; header_font=\u00bbBarlow Condensed|700|||||||\u00bb header_text_color=\u00bb#000000&#8243; header_font_size=\u00bb60px\u00bb body_font=\u00bbBarlow Condensed|300|||||||\u00bb body_text_color=\u00bb#000000&#8243; body_font_size=\u00bb43px\u00bb body_letter_spacing=\u00bb1px\u00bb body_line_height=\u00bb1.3em\u00bb background_enable_color=\u00bboff\u00bb use_background_color=\u00bboff\u00bb text_orientation=\u00bbleft\u00bb header_text_color_tablet=\u00bb\u00bb header_text_color_phone=\u00bb\u00bb header_text_color_last_edited=\u00bbon|tablet\u00bb header_font_size_tablet=\u00bb50px\u00bb header_font_size_phone=\u00bb\u00bb header_font_size_last_edited=\u00bbon|phone\u00bb]<\/p>\n<p>ARCHIVOS COMPLETOS PDF<\/p>\n<p>[\/et_pb_cta][\/et_pb_column][et_pb_column type=\u00bb1_2&#8243; _builder_version=\u00bb4.9.2&#8243; _module_preset=\u00bbdefault\u00bb][et_pb_button button_url=\u00bbhttps:\/\/www.poncebernal.es\/archivos\/politica1.pdf\u00bb url_new_window=\u00bbon\u00bb button_text=\u00bbAP\u00c9NDICES. REFERENCIAS POL\u00cdTICAS I\u00bb _builder_version=\u00bb4.9.2&#8243; _module_preset=\u00bbdefault\u00bb custom_button=\u00bbon\u00bb button_text_size=\u00bb12px\u00bb custom_margin=\u00bb43px|||||\u00bb custom_padding=\u00bb|56px||||\u00bb animation_style=\u00bbfade\u00bb scroll_vertical_motion=\u00bb0|51|51|100|4|0|-4&#8243;][\/et_pb_button][et_pb_button button_url=\u00bbhttps:\/\/www.poncebernal.es\/archivos\/politica2.pdf\u00bb url_new_window=\u00bbon\u00bb button_text=\u00bbAP\u00c9NDICES. REFERENCIAS POL\u00cdTICAS II\u00bb _builder_version=\u00bb4.9.2&#8243; _module_preset=\u00bbdefault\u00bb custom_button=\u00bbon\u00bb button_text_size=\u00bb12px\u00bb custom_padding=\u00bb|56px||||\u00bb animation_style=\u00bbfade\u00bb scroll_vertical_motion=\u00bb0|51|51|100|4|0|-4&#8243;][\/et_pb_button][\/et_pb_column][\/et_pb_row][\/et_pb_section][et_pb_section fb_built=\u00bb1&#8243; fullwidth=\u00bbon\u00bb _builder_version=\u00bb4.9.2&#8243; _module_preset=\u00bbdefault\u00bb][et_pb_fullwidth_header title=\u00bbLOS MEJORES TRIUNFOS SUELEN TEJERLOS LOS M\u00c1S AMARGOS FRACASOS. DEBEN DEJAR QUE EL ALMA PRUEBE LAS SABROSAS INCIDENCIAS DE LA LUCHA, LAS QUE SON SU SAL ADEREZAN LA VICTORIA\u00bb subhead=\u00bbDiario de Huelva, 25-04-1929&#8243; button_one_text=\u00bbVER\u00bb button_one_url=\u00bbhttps:\/\/poncebernal.es\/archivos\/diariodehuelva.pdf\u00bb _builder_version=\u00bb4.9.2&#8243; _module_preset=\u00bbdefault\u00bb title_font=\u00bbBarlow Condensed|||on|||||\u00bb content_font=\u00bbBarlow Condensed||||||||\u00bb content_font_size=\u00bb21px\u00bb content_letter_spacing=\u00bb1px\u00bb background_color=\u00bb#2ea3f2&#8243;][\/et_pb_fullwidth_header][\/et_pb_section]<\/p>\n","protected":false},"excerpt":{"rendered":"<p>La pluma, \u00fanico instrumento capaz de cambiar el estado de las cosas.<\/p>\n","protected":false},"author":1,"featured_media":0,"parent":0,"menu_order":0,"comment_status":"closed","ping_status":"closed","template":"","meta":{"_et_pb_use_builder":"on","_et_pb_old_content":"<!-- wp:divi\/placeholder \/-->","_et_gb_content_width":""},"_links":{"self":[{"href":"https:\/\/poncebernal.es\/index.php?rest_route=\/wp\/v2\/pages\/90"}],"collection":[{"href":"https:\/\/poncebernal.es\/index.php?rest_route=\/wp\/v2\/pages"}],"about":[{"href":"https:\/\/poncebernal.es\/index.php?rest_route=\/wp\/v2\/types\/page"}],"author":[{"embeddable":true,"href":"https:\/\/poncebernal.es\/index.php?rest_route=\/wp\/v2\/users\/1"}],"replies":[{"embeddable":true,"href":"https:\/\/poncebernal.es\/index.php?rest_route=%2Fwp%2Fv2%2Fcomments&post=90"}],"version-history":[{"count":33,"href":"https:\/\/poncebernal.es\/index.php?rest_route=\/wp\/v2\/pages\/90\/revisions"}],"predecessor-version":[{"id":1558,"href":"https:\/\/poncebernal.es\/index.php?rest_route=\/wp\/v2\/pages\/90\/revisions\/1558"}],"wp:attachment":[{"href":"https:\/\/poncebernal.es\/index.php?rest_route=%2Fwp%2Fv2%2Fmedia&parent=90"}],"curies":[{"name":"wp","href":"https:\/\/api.w.org\/{rel}","templated":true}]}}